333?
-322
In base 4, what is -23 + -13112?
-13201
In base 9, what is 3087 + 3?
3101
In base 7, what is -23 - -424?
401
In base 12, what is -9 - 3b?
-48
In base 15, what is -1 - -59?
58
In base 9, what is 187 - -3?
201
In base 9, what is 464 + 5?
470
In base 2, what is -1110 + -100000100001?
-100000101111
In base 12, what is -217 + -36?
-251
In base 6, what is 3 + 25?
32
In base 7, what is 3 + 104?
110
In base 6, what is 23 - 11?
12
In base 2, what is -11 - -1001110?
1001011
In base 16, what is 234 - -3?
237
In base 14, what is -5 + -a4?
-a9
In base 5, what is 1 - 204?
-203
In base 9, what is 15 + -301?
-275
In base 6, what is 3 - -10535?
10542
In base 11, what is -5 + -7?
-11
In base 7, what is 10433 + 2?
10435
In base 9, what is 36 - 20?
16
In base 8, what is -115 - 2?
-117
In base 9, what is -111 - -22?
-78
In base 3, what is -20 + -10201?
-10221
In base 2, what is 11 - 11110?
-11011
In base 7, what is 2364 + 2?
2366
In base 16, what is -20 + -cc?
-ec
In base 2, what is -10000001101 - 1?
-10000001110
In base 6, what is 510 + -4?
502
In base 14, what is 10b7 + 2?
10b9
In base 3, what is -11 - -20?
2
In base 11, what is -4 - 18?
-21
In base 3, what is 12 - -1012002?
1012021
In base 9, what is 24 - 6?
17
In base 3, what is -11 + 102010?
101222
In base 4, what is -3 + 222?
213
In base 14, what is -a5 + -6?
-ab
In base 7, what is -5 - 3626?
-3634
In base 11, what is -34 + 20?
-14
In base 13, what is 629 + -5?
624
In base 2, what is 1001 - -101?
1110
In base 4, what is -22 + -222?
-310
In base 4, what is 11333 + -13?
11320
In base 10, what is 9 + -53?
-44
In base 2, what is -101 + 100111?
100010
In base 3, what is -22 + 2002?
1210
In base 8, what is 5 - -3?
10
In base 4, what is -113 + -13?
-132
In base 5, what is -230 + -1?
-231
In base 6, what is -4 - 245?
-253
In base 16, what is 83 - -2?
85
In base 7, what is -46 - -13?
-33
In base 12, what is -33 - -3?
-30
In base 5, what is -41 + 1021?
430
In base 9, what is -5 - 2?
-7
In base 2, what is -10011100111 - -100?
-10011100011
In base 15, what is -4 + -e4?
-e8
In base 6, what is 310 - -2?
312
In base 5, what is 22000 - 2?
21443
In base 2, what is 100 - -101111100101?
101111101001
In base 16, what is c + -2ae?
-2a2
In base 2, what is 10 + -101101?
-101011
In base 8, what is -2 + 132?
130
In base 2, what is 10 - -1000001?
1000011
In base 14, what is 34a - -b?
357
In base 12, what is -10 + -5?
-15
In base 2, what is 11 - -1011000100000?
1011000100011
In base 10, what is -118 - -5?
-113
In base 15, what is 2 + 2a?
2c
In base 7, what is -56 + -3?
-62
In base 3, what is 0 + 110212?
110212
In base 7, what is -44 + 1100?
1023
In base 2, what is -11110100 - -10?
-11110010
In base 5, what is 10 - 4032?
-4022
In base 16, what is -12e5 + 1?
-12e4
In base 8, what is 2 - -766?
770
In base 12, what is -9a3 + 3?
-9a0
In base 15, what is -3 - -11b6?
11b3
In base 3, what is -1102011 + 0?
-1102011
In base 16, what is 2 + -4d?
-4b
In base 15, what is -1 + e23?
e22
In base 7, what is 53 - -3?
56
In base 6, what is -11510 + -2?
-11512
In base 13, what is 3c6 + 2?
3c8
In base 9, what is 2 + -3525?
-3523
In base 11, what is -781 - 0?
-781
In base 9, what is 1 - -86?
87
In base 10, what is -1206 + 3?
-1203
In base 10, what is 8 + -784?
-776
In base 15, what is 2 - -187?
189
In base 12, what is 3 + 545?
548
In base 3, what is 10 + 110?
120
In base 6, what is 3344 - -4?
3352
In base 7, what is -1 + -6050?
-6051
In base 5, what is 141210 + 2?
141212
In base 4, what is 131301 + -1?
131300
In base 6, what is -15 + 5?
-10
In base 6, what is 1343 - -54?
1441
In base 2, what is -1 - 111111?
-1000000
In base 14, what is 9 - -2?
b
In base 9, what is 0 - -602?
602
In base 8, what is 1 - 533?
-532
In base 2, what is 10 - 1000101001?
-1000100111
In base 6, what is 0 + -31353?
-31353
In base 7, what is -13 + 214?
201
In base 8, what is 3 - 261?
-256
In base 5, what is -103 + 3?
-100
In base 13, what is -7 + -b0?
-b7
In base 2, what is -1110011 + 101001?
-1001010
In base 5, what is -1 + -141241?
-141242
In base 6, what is 4 - -400?
404
In base 6, what is 2 + -1411?
-1405
In base 16, what is -663 + -2?
-665
In base 16, what is 11 - -4?
15
In base 5, what is -330030 - 0?
-330030
In base 4, what is -213 - -1012?
133
In base 7, what is 416 - -4?
423
In base 13, what is 89b + -9?
892
In base 2, what is 11011011 - -10?
11011101
In base 12, what is -3 + -27?
-2a
In base 13, what is 7 - 6b0?
-6a6
In base 8, what is 1 + 27?
30
In base 6, what is 2 + 0?
2
In base 11, what is 3 - -52?
55
In base 2, what is 0 - -1111010100?
1111010100
In base 7, what is 5 + 6060?
6065
In base 3, what is 10 + -211010?
-211000
In base 14, what is 918 + 5?
91d
In base 6, what is 2 - -3?
5
In base 11, what is -6 - 4aa?
-505
In base 6, what is -5 + 53402?
53353
In base 8, what is -5 + 163?
156
In base 16, what is f4 + -2?
f2
In base 4, what is -2 - 11330?
-11332
In base 8, what is -11 + -24?
-35
In base 12, what is -145 + -21?
-166
In base 11, what is -96 + -1?
-97
In base 10, what is 1750 + -3?
1747
In base 4, what is 121 + -1?
120
In base 10, what is 16143 + -5?
16138
In base 7, what is 1040 + 11?
1051
In base 7, what is -2 + 106?
104
In base 10, what is -81 + -12?
-93
In base 8, what is 0 + 252?
252
In base 4, what is 2 - 100?
-32
In base 2, what is 110 + 100001?
100111
In base 15, what is 5 + bac?
bb2
In base 16, what is -10 + a5?
95
In base 4, what is -1 - -3013?
3012
In base 6, what is 254 + -15?
235
In base 4, what is -1331 + -122?
-2113
In base 16, what is -53 + 2?
-51
In base 10, what is 4 - -747?
751
In base 4, what is 11 + -3301?
-3230
In base 12, what is -49a - -27?
-473
In base 3, what is -2111 + -10?
-2121
In base 15, what is b - -5?
11
In base 4, what is -11 - -303?
232
In base 2, what is -10 - -11000111?
11000101
In base 11, what is -18 - 6a1?
-709
In base 5, what is 104 - 2?
102
In base 2, what is -1101 + 11001?
1100
In base 10, what is 41 + -9?
32
In base 8, what is -6532 + -4?
-6536
In base 4, what is 1 + 212?
213
In base 8, what is 4037 - -2?
4041
In base 6, what is -10 - -202?
152
In base 3, what is 21 + -10021221?
-10021200
In base 12, what is -3319 - -5?
-3314
In base 12, what is 460 - -3?
463
In base 11, what is -89 + 2?
-87
In base 13, what is -a8 + 8?
-a0
In base 9, what is 4 - 2?
2
In base 2, what is 1100011 - 101?
1011110
In base 9, what is -1 + -162?
-163
In base 5, what is 13 + 1003?
1021
In base 15, what is 0 - 1c1?
-1c1
In base 10, what is 474 + 3?
477
In base 7, what is -2 - -25?
23
In base 2, what is 1 - -101110?
101111
In base 11, what is 702 - 2?
700
In base 14, what is -648 - -4?
-644
In base 3, what is 20 + 2200?
2220
In base 13, what is 1 + -204?
-203
In base 11, what is -3 - 39?
-41
In base 11, what is 8 - -3a4?
401
In base 16, what is 5 - -f7?
fc
In base 12, what is 1935 - -1?
1936
In base 16, what is -5 - -31?
2c
In base 14, what is -8d5 + -9?
-900
In base 6, what is -2 - -1540?
1534
In base 6, what is 440 - 3?
433
In base 6, what is -11 - -13?
2
In base 15, what is 2 + 434?
436
In base 6, what is -15 - 225?
-244
In base 3, what is -11000 + -211?
-11211
In base 12, what is -2 - 27?
-29
In base 11, what is -305 + 2?
-303
In base 15, what is -35 + -1?
-36
In base 12, what is -2 - -109?
107
In base 15, what is 101 - 1?
100
In base 9, what is -370 + 10?
-360
In base 16, what is 2161 + 4?
2165
In base 10, what is 6 + -79?
-73
In base 16, what is -2 + -69a?
-69c
In base 4, what is -21 + -223?
-310
In base 13, what is 71 + 3b?
ac
In base 5, what is -103040 + -2?
-103042
In base 14, what is -8d - 4?
-93
In base 10, what is 0 - -37?
37
In base 14, what is -4 - -283?
27d
In base 5, what is 1023 + -2?
1021
In base 11, what is 599 - -3?
5a1
In base 3, what is 1 - -110102?
110110
In base 4, what is -1 + 300?
233
In base 4, what is -131102 - -100?
-131002
In base 11, what is -1 + -263?
-264
In base 13, what is 719 - -5?
721
In base 14, what is -5 + 5?
0
In base 9, what is 5 - -83?
88
In base 7, what is -201 + 4?
-164
In base 9, what is 2 - 71?
-68
In base 3, what is -21 + -201211?
-202002
In base 11, what is 15 + 37?
51
In base 12, what is -39 - -9?
-30
In base 8, what is 15131 - 2?
15127
In base 5, what is -1331 - -4?
-1322
In base 8, what is -1645 + 5?
-1640
In base 7, what is -20562 - -3?
-20556
In base 6, what is 155 - -4?
203
In bas